1000?
1
What is the hundreds digit of 2250?
2
What is the tens digit of 144946?
4
What is the thousands digit of 1269?
1
What is the thousands digit of 97801?
7
What is the tens digit of 337?
3
What is the units digit of 4161?
1
What is the tens digit of 5771?
7
What is the hundreds digit of 3737?
7
What is the units digit of 6098?
8
What is the tens digit of 47197?
9
What is the thousands digit of 59592?
9
What is the units digit of 14217?
7
What is the units digit of 4918?
8
What is the thousands digit of 3083?
3
What is the tens digit of 325?
2
What is the hundreds digit of 558?
5
What is the hundreds digit of 45266?
2
What is the units digit of 2308?
8
What is the tens digit of 1148?
4
What is the tens digit of 2846?
4
What is the units digit of 15866?
6
What is the tens digit of 12837?
3
What is the hundreds digit of 10834?
8
What is the units digit of 3411?
1
What is the units digit of 41736?
6
What is the tens digit of 1126?
2
What is the hundreds digit of 610?
6
What is the ten thousands digit of 119213?
1
What is the ten thousands digit of 81522?
8
What is the units digit of 6419?
9
What is the tens digit of 47907?
0
What is the thousands digit of 1813?
1
What is the hundreds digit of 431?
4
What is the tens digit of 11708?
0
What is the hundreds digit of 9680?
6
What is the thousands digit of 5492?
5
What is the tens digit of 3616?
1
What is the units digit of 13090?
0
What is the units digit of 1504?
4
What is the hundreds digit of 136724?
7
What is the tens digit of 1081?
8
What is the tens digit of 74159?
5
What is the units digit of 12390?
0
What is the thousands digit of 8255?
8
What is the units digit of 5161?
1
What is the thousands digit of 5685?
5
What is the tens digit of 5427?
2
What is the thousands digit of 149257?
9
What is the thousands digit of 21445?
1
What is the hundreds digit of 34981?
9
What is the tens digit of 177325?
2
What is the units digit of 65?
5
What is the units digit of 1655?
5
What is the thousands digit of 8921?
8
What is the tens digit of 63?
6
What is the units digit of 2329?
9
What is the ten thousands digit of 21160?
2
What is the thousands digit of 22298?
2
What is the hundreds digit of 772?
7
What is the thousands digit of 22163?
2
What is the hundreds digit of 754?
7
What is the units digit of 3739?
9
What is the ten thousands digit of 72293?
7
What is the thousands digit of 1686?
1
What is the units digit of 60548?
8
What is the thousands digit of 9631?
9
What is the tens digit of 5204?
0
What is the hundreds digit of 37406?
4
What is the thousands digit of 11419?
1
What is the thousands digit of 1527?
1
What is the hundreds digit of 60139?
1
What is the units digit of 1704?
4
What is the thousands digit of 10434?
0
What is the ten thousands digit of 25395?
2
What is the thousands digit of 6724?
6
What is the tens digit of 58790?
9
What is the units digit of 11025?
5
What is the units digit of 9004?
4
What is the hundreds digit of 2387?
3
What is the thousands digit of 65318?
5
What is the tens digit of 773?
7
What is the units digit of 1166?
6
What is the units digit of 1060?
0
What is the hundreds digit of 8389?
3
What is the units digit of 668?
8
What is the ten thousands digit of 24301?
2
What is the ten thousands digit of 60744?
6
What is the tens digit of 24261?
6
What is the hundreds digit of 222?
2
What is the units digit of 9250?
0
What is the thousands digit of 3698?
3
What is the hundreds digit of 283?
2
What is the thousands digit of 1692?
1
What is the tens digit of 30967?
6
What is the units digit of 1019?
9
What is the hundreds digit of 35759?
7
What is the units digit of 4899?
9
What is the thousands digit of 1024?
1
What is the units digit of 4455?
5
What is the tens digit of 6356?
5
What is the hundreds digit of 53768?
7
What is the units digit of 2881?
1
What is the tens digit of 236?
3
What is the tens digit of 1266?
6
What is the hundreds digit of 10146?
1
What is the hundreds digit of 4684?
6
What is the tens digit of 122140?
4
What is the tens digit of 1231?
3
What is the hundreds digit of 845?
8
What is the tens digit of 721?
2
What is the hundreds digit of 14120?
1
What is the hundreds digit of 8985?
9
What is the units digit of 8292?
2
What is the ten thousands digit of 10744?
1
What is the hundreds digit of 102457?
4
What is the units digit of 35685?
5
What is the hundreds digit of 541?
5
What is the hundreds digit of 5367?
3
What is the tens digit of 952?
5
What is the thousands digit of 39611?
9
What is the units digit of 293?
3
What is the tens digit of 2669?
6
What is the tens digit of 1181?
8
What is the hundreds digit of 37958?
9
What is the hundreds digit of 2591?
5
What is the units digit of 302?
2
What is the hundreds digit of 666?
6
What is the tens digit of 16310?
1
What is the thousands digit of 5682?
5
What is the hundreds digit of 827?
8
What is the units digit of 2565?
5
What is the tens digit of 1965?
6
What is the ten thousands digit of 29654?
2
What is the units digit of 9865?
5
What is the thousands digit of 47056?
7
What is the tens digit of 721?
2
What is the tens digit of 1282?
8
What is the units digit of 13383?
3
What is the ten thousands digit of 31700?
3
What is the thousands digit of 53493?
3
What is the hundreds digit of 7230?
2
What is the ten thousands digit of 74066?
7
What is the thousands digit of 5556?
5
What is the units digit of 15641?
1
What is the tens digit of 9068?
6
What is the hundred thousands digit of 175558?
1
What is the units digit of 361?
1
What is the tens digit of 2282?
8
What is the units digit of 98458?
8
What is the ten thousands digit of 15523?
1
What is the units digit of 423?
3
What is the thousands digit of 3195?
3
What is the tens digit of 987?
8
What is the ten thousands digit of 86638?
8
What is the units digit of 6681?
1
What is the tens digit of 2498?
9
What is the thousands digit of 2292?
2
What is the thousands digit of 1356?
1
What is the thousands digit of 12217?
2
What is the tens digit of 741?
4
What is the hundreds digit of 2167?
1
What is the tens digit of 10410?
1
What is the units digit of 6759?
9
What is the thousands digit of 43398?
3
What is the tens digit of 2841?
4
What is the thousands digit of 17649?
7
What is the thousands digit of 23398?
3
What is the hundreds digit of 16541?
5
What is the thousands digit of 1092?
1
What is the thousands digit of 5866?
5
What is the tens digit of 8527?
2
What is the thousands digit of 1502?
1
What is the hundreds digit of 3611?
6
What is the hundreds digit of 1425?
4
What is the thousands digit of 1925?
1
What is the units digit of 3745?
5
What is the units digit of 33176?
6
What is the tens digit of 6926?
2
What is the hundreds digit of 1266?
2
What is the thousands digit of 1396?
1
What is the units digit of 55422?
2
What is the tens digit of 447?
4
What is the units digit of 84?
4
What is the hundreds digit of 44967?
9
What is the thousands digit of 9179?
9
What is the tens digit of 733?
3
What is the hundreds digit of 53327?
3
What is the units digit of 2442?
2
What is the hundreds digit of 1428?
4
What is the tens digit of 10525?
2
What is the ten thousands digit of 33844?
3
What is the units digit of 2064?
4
What is the tens digit of 3615?
1
What is the tens digit of 1621?
2
What is the hundreds digit of 3690?
6
What is the units digit of 11445?
5
What is the thousands digit of 24559?
4
What is the tens digit of 652?
5
What is the thousands digit of 6200?
6
What is the units digit of 14468?
8
What is the units digit of 5874?
4
What is the hundreds digit of 839?
8
What is the hundreds digit of 59354?
3
What is the ten thousands digit of 17322?
1
What is the units digit of 1879?
9
What is the hundreds digit of 20657?
6
What is the hundreds digit of 673?
6
What is the hundreds digit of 531?
5
What is the units digit of 40154?
4
What is the hundreds digit of 2077?
0
What is the tens digit of 10416?
1
What is the units digit of 1875?
5
What is the units digit of 40659?
9
What is the hundreds digit of 43342?
3
What is the ten thousands digit of 18156?
1
What is the ten thousands digit of 20614?
2
What is the hundreds digit of 1055?
0
What is the hundreds digit of 2875?
8
What is the units digit of 4077?
7
What is the tens digit of 605?
0
What is th